 the prime factors of 697?
17, 41
What are the prime factors of 1704?
2, 3, 71
List the prime factors of 5166.
2, 3, 7, 41
List the prime factors of 17876.
2, 41, 109
List the prime factors of 2710.
2, 5, 271
List the prime factors of 3255.
3, 5, 7, 31
What are the prime factors of 4667?
13, 359
What are the prime factors of 27467?
11, 227
What are the prime factors of 1802?
2, 17, 53
List the prime factors of 23814.
2, 3, 7
List the prime factors of 1905.
3, 5, 127
What are the prime factors of 1148?
2, 7, 41
What are the prime factors of 102411?
3, 3793
List the prime factors of 11570.
2, 5, 13, 89
What are the prime factors of 2659?
2659
What are the prime factors of 1152?
2, 3
What are the prime factors of 5652?
2, 3, 157
What are the prime factors of 84398?
2, 19, 2221
What are the prime factors of 77440?
2, 5, 11
List the prime factors of 10692.
2, 3, 11
List the prime factors of 2272.
2, 71
What are the prime factors of 6489?
3, 7, 103
What are the prime factors of 2825?
5, 113
What are the prime factors of 572?
2, 11, 13
What are the prime factors of 1806?
2, 3, 7, 43
List the prime factors of 10645.
5, 2129
List the prime factors of 15388.
2, 3847
List the prime factors of 3070.
2, 5, 307
List the prime factors of 4651.
4651
What are the prime factors of 1822?
2, 911
List the prime factors of 3285.
3, 5, 73
What are the prime factors of 5506?
2, 2753
List the prime factors of 1064.
2, 7, 19
What are the prime factors of 24265?
5, 23, 211
List the prime factors of 135992.
2, 89, 191
What are the prime factors of 52?
2, 13
What are the prime factors of 311?
311
List the prime factors of 49103.
49103
List the prime factors of 1207.
17, 71
What are the prime factors of 213?
3, 71
List the prime factors of 1150.
2, 5, 23
List the prime factors of 448.
2, 7
List the prime factors of 85089.
3, 113, 251
What are the prime factors of 1047?
3, 349
List the prime factors of 1193.
1193
List the prime factors of 2370.
2, 3, 5, 79
What are the prime factors of 670?
2, 5, 67
What are the prime factors of 16428?
2, 3, 37
List the prime factors of 14823.
3, 61
List the prime factors of 817.
19, 43
List the prime factors of 16794.
2, 3, 311
What are the prime factors of 16095?
3, 5, 29, 37
List the prime factors of 1644.
2, 3, 137
What are the prime factors of 2854?
2, 1427
List the prime factors of 48776.
2, 7, 13, 67
List the prime factors of 143956.
2, 17, 29, 73
What are the prime factors of 70641?
3, 47, 167
What are the prime factors of 6572?
2, 31, 53
What are the prime factors of 6068?
2, 37, 41
List the prime factors of 52448.
2, 11, 149
What are the prime factors of 15457?
13, 29, 41
What are the prime factors of 121?
11
What are the prime factors of 1103?
1103
What are the prime factors of 15?
3, 5
What are the prime factors of 5534?
2, 2767
List the prime factors of 4154.
2, 31, 67
What are the prime factors of 26584?
2, 3323
List the prime factors of 29514.
2, 3, 4919
What are the prime factors of 46643?
46643
What are the prime factors of 49316?
2, 12329
What are the prime factors of 27157?
13, 2089
List the prime factors of 211.
211
List the prime factors of 13744.
2, 859
List the prime factors of 5264.
2, 7, 47
List the prime factors of 132647.
132647
What are the prime factors of 19641?
3, 6547
What are the prime factors of 20543?
20543
List the prime factors of 8179.
8179
List the prime factors of 7834.
2, 3917
List the prime factors of 4590.
2, 3, 5, 17
What are the prime factors of 8295?
3, 5, 7, 79
What are the prime factors of 5431?
5431
What are the prime factors of 692?
2, 173
What are the prime factors of 105628?
2, 26407
What are the prime factors of 30379?
17, 1787
What are the prime factors of 3187?
3187
List the prime factors of 15006.
2, 3, 41, 61
List the prime factors of 100969.
11, 67, 137
List the prime factors of 4432.
2, 277
What are the prime factors of 655?
5, 131
List the prime factors of 18405.
3, 5, 409
List the prime factors of 63814.
2, 31907
List the prime factors of 2779.
7, 397
What are the prime factors of 31913?
7, 47, 97
List the prime factors of 34625.
5, 277
What are the prime factors of 73064?
2, 9133
List the prime factors of 30359.
7, 4337
What are the prime factors of 35665?
5, 7, 1019
What are the prime factors of 1605?
3, 5, 107
What are the prime factors of 807?
3, 269
What are the prime factors of 985?
5, 197
List the prime factors of 56472.
2, 3, 13, 181
List the prime factors of 95400.
2, 3, 5, 53
What are the prime factors of 1648?
2, 103
List the prime factors of 859.
859
What are the prime factors of 117308?
2, 29327
List the prime factors of 2768.
2, 173
What are the prime factors of 14585?
5, 2917
List the prime factors of 1684.
2, 421
What are the prime factors of 473?
11, 43
What are the prime factors of 788?
2, 197
List the prime factors of 2182.
2, 1091
List the prime factors of 61827.
3, 37, 557
What are the prime factors of 2513?
7, 359
List the prime factors of 2791.
2791
List the prime factors of 16494.
2, 3, 2749
List the prime factors of 2884.
2, 7, 103
List the prime factors of 12719.
7, 23, 79
What are the prime factors of 26606?
2, 53, 251
List the prime factors of 11611.
17, 683
List the prime factors of 1443.
3, 13, 37
List the prime factors of 30588.
2, 3, 2549
List the prime factors of 3741.
3, 29, 43
List the prime factors of 28217.
7, 29, 139
List the prime factors of 66569.
66569
What are the prime factors of 3140?
2, 5, 157
List the prime factors of 1309.
7, 11, 17
List the prime factors of 3153.
3, 1051
What are the prime factors of 2685?
3, 5, 179
What are the prime factors of 383?
383
List the prime factors of 15396.
2, 3, 1283
List the prime factors of 307.
307
What are the prime factors of 9371?
9371
What are the prime factors of 1119?
3, 373
What are the prime factors of 1397?
11, 127
What are the prime factors of 547?
547
What are the prime factors of 17420?
2, 5, 13, 67
List the prime factors of 11641.
7, 1663
List the prime factors of 21072.
2, 3, 439
List the prime factors of 515.
5, 103
What are the prime factors of 1850?
2, 5, 37
What are the prime factors of 19855?
5, 11, 19
What are the prime factors of 42848?
2, 13, 103
What are the prime factors of 23011?
23011
List the prime factors of 545.
5, 109
List the prime factors of 2211.
3, 11, 67
What are the prime factors of 2856?
2, 3, 7, 17
What are the prime factors of 2115?
3, 5, 47
What are the prime factors of 127812?
2, 3, 10651
List the prime factors of 2751.
3, 7, 131
What are the prime factors of 1574?
2, 787
What are the prime factors of 1326?
2, 3, 13, 17
List the prime factors of 67697.
7, 19, 509
What are the prime factors of 4439?
23, 193
What are the prime factors of 2689?
2689
List the prime factors of 13361.
31, 431
List the prime factors of 9046.
2, 4523
What are the prime factors of 1275?
3, 5, 17
List the prime factors of 5027.
11, 457
What are the prime factors of 23454?
2, 3, 1303
What are the prime factors of 5990?
2, 5, 599
List the prime factors of 458.
2, 229
List the prime factors of 170.
2, 5, 17
What are the prime factors of 2095?
5, 419
What are the prime factors of 3012?
2, 3, 251
List the prime factors of 3086.
2, 1543
What are the prime factors of 1723?
1723
List the prime factors of 20255.
5, 4051
What are the prime factors of 132040?
2, 5, 3301
List the prime factors of 71234.
2, 35617
List the prime factors of 3505.
5, 701
List the prime factors of 12038.
2, 13, 463
What are the prime factors of 135005?
5, 13, 31, 67
What are the prime factors of 96959?
96959
What are the prime factors of 2730?
2, 3, 5, 7, 13
What are the prime factors of 10888?
2, 1361
What are the prime factors of 3381?
3, 7, 23
What are the prime factors of 771?
3, 257
What are the prime factors of 42559?
11, 53, 73
What are the prime factors of 21593?
11, 13, 151
What are the prime factors of 495?
3, 5, 11
List the prime factors of 1766.
2, 883
What are the prime factors of 16492?
2, 7, 19, 31
What are the prime factors of 32242?
2, 7, 47
List the prime factors of 32961.
3, 10987
List the prime factors of 24079.
11, 199
What are the prime factors of 47?
47
What are the prime factors of 22313?
53, 421
What are the prime factors of 5905?
5, 1181
List the prime factors of 40701.
3, 13567
List the p